{"id":2728,"date":"2022-11-25T12:42:34","date_gmt":"2022-11-25T12:42:34","guid":{"rendered":"https:\/\/www.yoga-moments.at\/?page_id=2728"},"modified":"2026-07-06T13:45:14","modified_gmt":"2026-07-06T13:45:14","slug":"wallyinspecial","status":"publish","type":"page","link":"https:\/\/www.yoga-moments.at\/?page_id=2728","title":{"rendered":"Wall Yin Special"},"content":{"rendered":"<h1><strong>Wall Y<\/strong><strong>in Special<\/strong><\/h1>\n<h2 style=\"text-align: right;\">Freitag, 28. August 2026<br \/>\nAntaratma Shala Innsbruck<\/h2>\n<p>&nbsp;<\/p>\n<p>Eine Einladung, dich anzulehnen \u2013 im wahrsten Sinne des Wortes.<br data-start=\"299\" data-end=\"302\" \/>In diesem 2-st\u00fcndigen Wall Yin Special nutzen wir, neben den \u00fcblichen Bl\u00f6cken, B\u00f6lstern und Gurten, noch ganz gezielt ein weiteres Hilfsmittel f\u00fcr uns: die Wand &#8211; als Halt, zur Stabilisierung und Neuausrichtung.<\/p>\n<h2>Was erwartet dich?<\/h2>\n<p data-start=\"47\" data-end=\"362\">Eine ruhige, tiefgehende Yin Yoga Praxis der besonderen Art, eine M\u00f6glichkeit (alt)bekannte Positionen auf vollkommen neue Weise zu erfahren.<\/p>\n<p data-start=\"47\" data-end=\"362\">Unterst\u00fctzt von der Wand k\u00f6nnen sich Haltungen stabiler, leichter, manchmal auch etwas intensiver anf\u00fchlen. Es braucht oft nochmal weniger (!) muskul\u00e4ren Einsatz und bietet gleichzeitig mehr Orientierung im Raum.<\/p>\n<p data-start=\"364\" data-end=\"583\" data-is-last-node=\"\" data-is-only-node=\"\">Wir praktizieren in einem entspannten, klar gehaltenen Rahmen, in dem sich die Praxis Schritt f\u00fcr Schritt entfalten kann.<br data-start=\"107\" data-end=\"110\" \/>Die Abfolge ist bewusst langsam aufgebaut und l\u00e4sst gen\u00fcgend Zeit, in den Positionen zu bleiben und deren Wirkung zu entfalten.<\/p>\n<h2>F\u00fcr wen ist das Special geeignet?<\/h2>\n<p>Dieses Special ist f\u00fcr alle, die sich bewusst Zeit f\u00fcr sich nehmen m\u00f6chten und Yin Yoga in einer neuen Tiefe erleben wollen.<br data-start=\"1117\" data-end=\"1120\" \/>Geeignet sowohl f\u00fcr Yin Yoga &#8222;Neulinge&#8220; als auch &#8222;alte Hasen&#8220;.<\/p>\n<h2>Wann? Wo? Wie?<\/h2>\n<p><strong>DATUM:\u00a0 \u00a0 \u00a0 \u00a0 \u00a0 \u00a0 \u00a0 <\/strong>Freitag, 28. August 2026<\/p>\n<p><strong>ZEIT:\u00a0 \u00a0 \u00a0 \u00a0 \u00a0 \u00a0 \u00a0 \u00a0 \u00a0 \u00a0 <\/strong>17:30 &#8211; 19:30 Uhr<\/p>\n<p><strong>ORT:\u00a0\u00a0\u00a0\u00a0\u00a0\u00a0\u00a0\u00a0\u00a0\u00a0\u00a0\u00a0\u00a0\u00a0\u00a0\u00a0\u00a0\u00a0\u00a0 <\/strong>Antaratma Yoga Shala<br \/>\n.\u00a0 \u00a0 \u00a0 \u00a0 \u00a0 \u00a0 \u00a0 \u00a0 \u00a0 \u00a0 \u00a0 \u00a0 \u00a0 \u00a0 \u00a0 \u00a0Andreas-Hofer-Stra\u00dfe 13, 6020 Innsbruck<\/p>\n<p><strong>BEITRAG:\u00a0\u00a0\u00a0\u00a0\u00a0\u00a0\u00a0\u00a0\u00a0 <\/strong>\u20ac 46,00 \/ Person<\/p>\n<p><em>Da wir den Platz an der Wand brauchen, ist die Teilnehmerzahl auf 11 beschr\u00e4nkt.<\/em><\/p>\n<p>&nbsp;<\/p>\n<p style=\"text-align: center;\"><a href=\"https:\/\/www.yoga-moments.at\/wall-yin-anmeldung\/\"><button>Zur Anmeldung<\/button><\/a><\/p>\n<p>&nbsp;<\/p>\n<p>Bei weiteren Fragen stehe ich jederzeit gerne <a href=\"mailto: &#x61;&#108;e&#x78;&#64;y&#x6f;&#103;a&#x2d;&#109;o&#x6d;&#101;n&#x74;&#x73;&#46;&#x61;&#x74;\">per Mail<\/a> zur Verf\u00fcgung.<\/p>\n","protected":false},"excerpt":{"rendered":"<p>Wall Yin Special Freitag, 28. August 2026 Antaratma Shala Innsbruck &nbsp; Eine Einladung, dich anzulehnen \u2013 im wahrsten Sinne des Wortes.In diesem 2-st\u00fcndigen Wall Yin Special nutzen wir, neben den \u00fcblichen Bl\u00f6cken, B\u00f6lstern und Gurten, noch ganz gezielt ein weiteres Hilfsmittel f\u00fcr uns: die Wand &#8211; als Halt, zur Stabilisierung und Neuausrichtung. Was erwartet dich? [&hellip;]<\/p>\n","protected":false},"author":2,"featured_media":4587,"parent":0,"menu_order":0,"comment_status":"closed","ping_status":"closed","template":"templates\/fullwidth.php","meta":{"footnotes":""},"class_list":["post-2728","page","type-page","status-publish","has-post-thumbnail","hentry","page-entry","loop-entry","clr"],"_links":{"self":[{"href":"https:\/\/www.yoga-moments.at\/index.php?rest_route=\/wp\/v2\/pages\/2728","targetHints":{"allow":["GET"]}}],"collection":[{"href":"https:\/\/www.yoga-moments.at\/index.php?rest_route=\/wp\/v2\/pages"}],"about":[{"href":"https:\/\/www.yoga-moments.at\/index.php?rest_route=\/wp\/v2\/types\/page"}],"author":[{"embeddable":true,"href":"https:\/\/www.yoga-moments.at\/index.php?rest_route=\/wp\/v2\/users\/2"}],"replies":[{"embeddable":true,"href":"https:\/\/www.yoga-moments.at\/index.php?rest_route=%2Fwp%2Fv2%2Fcomments&post=2728"}],"version-history":[{"count":17,"href":"https:\/\/www.yoga-moments.at\/index.php?rest_route=\/wp\/v2\/pages\/2728\/revisions"}],"predecessor-version":[{"id":4641,"href":"https:\/\/www.yoga-moments.at\/index.php?rest_route=\/wp\/v2\/pages\/2728\/revisions\/4641"}],"wp:featuredmedia":[{"embeddable":true,"href":"https:\/\/www.yoga-moments.at\/index.php?rest_route=\/wp\/v2\/media\/4587"}],"wp:attachment":[{"href":"https:\/\/www.yoga-moments.at\/index.php?rest_route=%2Fwp%2Fv2%2Fmedia&parent=2728"}],"curies":[{"name":"wp","href":"https:\/\/api.w.org\/{rel}","templated":true}]}}

<h1><strong>Wall Y</strong><strong>in Special</strong></h1>
<h2 style="text-align: right;">Freitag, 28. August 2026<br />
Antaratma Shala Innsbruck</h2>
<p>&nbsp;</p>
<p>Eine Einladung, dich anzulehnen – im wahrsten Sinne des Wortes.<br data-start="299" data-end="302" />In diesem 2-stündigen Wall Yin Special nutzen wir, neben den üblichen Blöcken, Bölstern und Gurten, noch ganz gezielt ein weiteres Hilfsmittel für uns: die Wand &#8211; als Halt, zur Stabilisierung und Neuausrichtung.</p>
<h2>Was erwartet dich?</h2>
<p data-start="47" data-end="362">Eine ruhige, tiefgehende Yin Yoga Praxis der besonderen Art, eine Möglichkeit (alt)bekannte Positionen auf vollkommen neue Weise zu erfahren.</p>
<p data-start="47" data-end="362">Unterstützt von der Wand können sich Haltungen stabiler, leichter, manchmal auch etwas intensiver anfühlen. Es braucht oft nochmal weniger (!) muskulären Einsatz und bietet gleichzeitig mehr Orientierung im Raum.</p>
<p data-start="364" data-end="583" data-is-last-node="" data-is-only-node="">Wir praktizieren in einem entspannten, klar gehaltenen Rahmen, in dem sich die Praxis Schritt für Schritt entfalten kann.<br data-start="107" data-end="110" />Die Abfolge ist bewusst langsam aufgebaut und lässt genügend Zeit, in den Positionen zu bleiben und deren Wirkung zu entfalten.</p>
<h2>Für wen ist das Special geeignet?</h2>
<p>Dieses Special ist für alle, die sich bewusst Zeit für sich nehmen möchten und Yin Yoga in einer neuen Tiefe erleben wollen.<br data-start="1117" data-end="1120" />Geeignet sowohl für Yin Yoga &#8222;Neulinge&#8220; als auch &#8222;alte Hasen&#8220;.</p>
<h2>Wann? Wo? Wie?</h2>
<p><strong>DATUM:              </strong>Freitag, 28. August 2026</p>
<p><strong>ZEIT:                    </strong>17:30 &#8211; 19:30 Uhr</p>
<p><strong>ORT:                    </strong>Antaratma Yoga Shala<br />
.                               Andreas-Hofer-Straße 13, 6020 Innsbruck</p>
<p><strong>BEITRAG:          </strong>€ 46,00 / Person</p>
<p><em>Da wir den Platz an der Wand brauchen, ist die Teilnehmerzahl auf 11 beschränkt.</em></p>
<p>&nbsp;</p>
<p style="text-align: center;"><a href="https://www.yoga-moments.at/wall-yin-anmeldung/"><button>Zur Anmeldung</button></a></p>
<p>&nbsp;</p>
<p>Bei weiteren Fragen stehe ich jederzeit gerne <a href="mailto: &#x61;&#108;e&#x78;&#64;y&#x6f;&#103;a&#x2d;&#109;o&#x6d;&#101;n&#x74;&#x73;&#46;&#x61;&#x74;">per Mail</a> zur Verfügung.</p>

<p>Wall Yin Special Freitag, 28. August 2026 Antaratma Shala Innsbruck &nbsp; Eine Einladung, dich anzulehnen – im wahrsten Sinne des Wortes.In diesem 2-stündigen Wall Yin Special nutzen wir, neben den üblichen Blöcken, Bölstern und Gurten, noch ganz gezielt ein weiteres Hilfsmittel für uns: die Wand &#8211; als Halt, zur Stabilisierung und Neuausrichtung. Was erwartet dich? [&hellip;]</p>
