{"id":4449,"date":"2025-05-02T03:00:13","date_gmt":"2025-05-02T03:00:13","guid":{"rendered":"https:\/\/www.yoga-moments.at\/?page_id=4449"},"modified":"2026-04-24T06:23:54","modified_gmt":"2026-04-24T06:23:54","slug":"fruehjahr-2026","status":"publish","type":"page","link":"https:\/\/www.yoga-moments.at\/?page_id=4449","title":{"rendered":"Juni 2026"},"content":{"rendered":"<h1>Yin Yoga &amp; Anatomie<br \/>\nLehrerausbildung (50 Stunden)<\/h1>\n<h2 style=\"text-align: right;\">05. &#8211; 07. Juni<br \/>\n&amp;<br \/>\n19. &#8211; 21. Juni 2026<\/h2>\n<p>&nbsp;<\/p>\n<p style=\"text-align: center;\"><strong><em>Don\u2019t use the body to get into a pose;<br \/>\n<\/em><em>use the pose to get into the body.<\/em><\/strong><\/p>\n<p>&nbsp;<\/p>\n<p>In dieser Ausbildung tauchst du tief in die Praxis und Theorie des Yin Yoga ein \u2013 mit einem besonderen Fokus auf funktioneller Anatomie.<br \/>\nSie orientiert sich an den Lehren von Paul Grilley und Bernie Clark, deren Ansatz das individuelle Erleben der Positionen statt einer \u00e4u\u00dferen \u201eperfekten Form\u201c in den Mittelpunkt stellt.<br \/>\nDieser Zugang ist bewusst bodenst\u00e4ndig und k\u00f6rperorientiert und somit nicht als Gegensatz zu anderen Wegen zu verstehen, sondern vielmehr als wertvolle Erg\u00e4nzung, die dich sowohl in deiner eigenen Praxis als auch im Unterrichten unterst\u00fctzt.<\/p>\n<h2><strong>Yin Yoga<\/strong><\/h2>\n<p><img loading=\"lazy\" decoding=\"async\" class=\" wp-image-4461 alignleft\" src=\"https:\/\/www.yoga-moments.at\/wp-content\/uploads\/unbenannt-319-200x300.jpg\" alt=\"\" width=\"192\" height=\"288\" srcset=\"https:\/\/www.yoga-moments.at\/wp-content\/uploads\/unbenannt-319-200x300.jpg 200w, https:\/\/www.yoga-moments.at\/wp-content\/uploads\/unbenannt-319-100x150.jpg 100w, https:\/\/www.yoga-moments.at\/wp-content\/uploads\/unbenannt-319-400x600.jpg 400w, https:\/\/www.yoga-moments.at\/wp-content\/uploads\/unbenannt-319.jpg 591w\" sizes=\"auto, (max-width: 192px) 100vw, 192px\" \/>Yin Yoga ist eine ruhige, meditative Praxis, bei der Haltungen \u00fcber mehrere Minuten passiv gehalten werden. Der Fokus liegt nicht auf Muskelkraft, sondern auf dem sanften Dehnen und Ansprechen der tieferliegenden Gewebeschichten wie Faszien, B\u00e4ndern und Gelenken.<br \/>\nDie Praxis f\u00f6rdert Beweglichkeit und Regeneration, und wirkt dar\u00fcber hinaus auch auf energetischer Ebene: Durch das l\u00e4ngere Verweilen in den Positionen werden die Meridiane (Energiebahnen) gem\u00e4\u00df der TCM stimuliert \u2013 was sich harmonisierend auf K\u00f6rper und Geist auswirken kann.<br \/>\nYin Yoga l\u00e4dt ein dazu ein langsamer zu werden, zu sp\u00fcren und loszulassen \u2013 trotz der sanften Natur des Yin eine kraftvolle Erg\u00e4nzung, nicht nur zu aktiveren Yogastilen, sondern auch zu einem oft bewegten Alltag.<\/p>\n<h2><strong>Die Ausbildung<\/strong><\/h2>\n<p>Im Rahmen dieser Ausbildung erarbeiten wir gemeinsam die Grundlagen des Yin Yoga.<br \/>\nEin zentraler Schwerpunkt liegt auf der funktionellen Anatomie \u2013 insbesondere den individuellen k\u00f6rperlichen Unterschieden. Gemeinsam analysieren wir Positionen praxisnah und entwickeln ein Verst\u00e4ndnis daf\u00fcr, wie Haltungen an die eigenen Bed\u00fcrfnisse sowie an jene unserer Sch\u00fclerInnen differenziert angepasst werden k\u00f6nnen.<\/p>\n<p>Weitere Schwerpunkte sind die Meridiane gem\u00e4\u00df der TCM und ihre Einbettung in die Lehre der f\u00fcnf Elemente \u2013ebenso wie das Unterrichten von Yin Yoga.<br \/>\nDieser Teil umfasst unter anderem die Erstellung sinnvoller Sequenzen, didaktische Grundlagen sowie das Wissen darum, wie Asanas funktionell und individuell angepasst werden k\u00f6nnen.<\/p>\n<p>Jeder Ausbildungstag umfasst ein bis zwei Yin-Praxis-Einheiten,\u00a0<img loading=\"lazy\" decoding=\"async\" class=\" wp-image-4463 alignright\" src=\"https:\/\/www.yoga-moments.at\/wp-content\/uploads\/IMG_20230508_081440-300x216.jpg\" alt=\"\" width=\"313\" height=\"225\" srcset=\"https:\/\/www.yoga-moments.at\/wp-content\/uploads\/IMG_20230508_081440-300x216.jpg 300w, https:\/\/www.yoga-moments.at\/wp-content\/uploads\/IMG_20230508_081440-768x552.jpg 768w, https:\/\/www.yoga-moments.at\/wp-content\/uploads\/IMG_20230508_081440-150x108.jpg 150w, https:\/\/www.yoga-moments.at\/wp-content\/uploads\/IMG_20230508_081440-400x288.jpg 400w, https:\/\/www.yoga-moments.at\/wp-content\/uploads\/IMG_20230508_081440.jpg 1024w\" sizes=\"auto, (max-width: 313px) 100vw, 313px\" \/>Vortr\u00e4ge, Asana-Analysen sowie praktische Tests um anatomische Unterschiede sichtbar und verst\u00e4ndlich zu machen. Es wird also interaktiv und alltagsnah \u2013 mit ausreichend Raum f\u00fcr Austausch, Fragen und Diskussion.<\/p>\n<p>Weiters werden im Rahmen der Ausbildung kleinere schriftliche Reflexionsaufgaben auszuarbeiten sein (Details dazu am ersten Ausbildungstag).<br \/>\nAm letzten Tag erfolgt eine kurze schriftliche Abschlusspr\u00fcfung, die die wichtigsten Inhalte abfragt.<br \/>\nBbei vollst\u00e4ndiger Teilnahme und aktiver Mitarbeit sollte diese allerdings kein Problem darstellen.<br \/>\nDie Ausbildung ist in sich abgeschlossen.<\/p>\n<p><strong><em>Hinweis:<\/em><\/strong><em> F\u00fcr den Erhalt des Zertifikats ist die l\u00fcckenlose Teilnahme an allen Kontaktstunden, die termingerechte Abgabe der schriftlichen Arbeiten sowie das Bestehen der Abschlusspr\u00fcfung Voraussetzung.<\/em><\/p>\n<p>&nbsp;<\/p>\n<h2><strong>Inhalte im \u00dcberblick<\/strong><\/h2>\n<h2><strong><img loading=\"lazy\" decoding=\"async\" class=\" wp-image-2662 alignright\" src=\"https:\/\/www.yoga-moments.at\/wp-content\/uploads\/Feedback0-300x300.jpg\" alt=\"\" width=\"324\" height=\"324\" srcset=\"https:\/\/www.yoga-moments.at\/wp-content\/uploads\/Feedback0-300x300.jpg 300w, https:\/\/www.yoga-moments.at\/wp-content\/uploads\/Feedback0-1024x1024.jpg 1024w, https:\/\/www.yoga-moments.at\/wp-content\/uploads\/Feedback0-150x150.jpg 150w, https:\/\/www.yoga-moments.at\/wp-content\/uploads\/Feedback0-768x768.jpg 768w, https:\/\/www.yoga-moments.at\/wp-content\/uploads\/Feedback0-400x400.jpg 400w, https:\/\/www.yoga-moments.at\/wp-content\/uploads\/Feedback0.jpg 1080w\" sizes=\"auto, (max-width: 324px) 100vw, 324px\" \/><\/strong><\/h2>\n<ul>\n<li>Theorie, Geschichte &amp; Hintergrund von Yin Yoga<\/li>\n<li>Anatomie (strukturell &amp; individuell)<\/li>\n<li>\u00c4sthetisches vs. funktionelles Yoga<\/li>\n<li>Was begrenzt mich in einer Haltung?<\/li>\n<li>Kompression vs. Spannung<\/li>\n<li>Yin- &amp; Yang-Aspekte in der Praxis<\/li>\n<li>Meridiane gem\u00e4\u00df TCM (Verlauf, Bedeutung etc.)<\/li>\n<li>Die f\u00fcnf Wandlungsphasen (F\u00fcnf-Elemente-Lehre)<\/li>\n<li>Methodik &amp; Didaktik des Yin Yoga Unterrichtens<\/li>\n<li>Yin Yoga Asanas im Detail<\/li>\n<li>T\u00e4gliche Yin Yoga Praxis<\/li>\n<li>Ein Hauch Yoga-Philosophie \ud83d\ude09<\/li>\n<li>u.\u202fv.\u202fm.<\/li>\n<\/ul>\n<p>Da viele dieser Themen auch in aktiveren Yogastilen von Bedeutung sind, wird immer wieder bewusst der Bogen zu anderen Formen der Praxis gespannt.<\/p>\n<h2><strong>F\u00fcr wen ist diese Ausbildung geeignet?<\/strong><\/h2>\n<p>Die Ausbildung richtet sich an alle Yoga-Praktizierenden mit einer regelm\u00e4\u00dfigen Praxis (mind. 2 Jahre), die ein tieferes Verst\u00e4ndnis f\u00fcr Yin Yoga und die Rolle der Anatomie im Yoga entwickeln m\u00f6chten.<br \/>\nSie eignet sich sowohl f\u00fcr ausgebildete YogalehrerInnen als auch f\u00fcr passionierte Praktizierende, die tiefer in Theorie und Praxis eintauchen m\u00f6chten.<\/p>\n<p><strong><em>Hinweis: <\/em><\/strong><em>F\u00fcr alle, die im Anschluss Yin Yoga auch unterrichten m\u00f6chten, ist eine abgeschlossene 200h-Ausbildung (unabh\u00e4ngig vom Stil) Voraussetzung.<\/em><\/p>\n<p>&nbsp;<\/p>\n<h2><strong>Kosten (50 Stunden)<\/strong><\/h2>\n<p><del><strong>Early Bird (f\u00fcr die ersten 6 Anmeldungen)\u00a0 \u00a0 \u00a0 \u00a0 \u00a0 \u00a0 \u00a0 \u00a0 \u00a0 \u00a0 <\/strong>\u00a0\u20ac\u00a0 \u00a0950,00<\/del><\/p>\n<p><strong>danach regul\u00e4r\u00a0 \u00a0 <\/strong>\u00a0 \u00a0 \u00a0 \u00a0 \u00a0 \u00a0 \u00a0 \u00a0 \u00a0 \u00a0 \u00a0 \u00a0 \u00a0 \u00a0 \u00a0 \u00a0 \u00a0 \u00a0 \u00a0 \u00a0 \u00a0 \u00a0 \u00a0 \u00a0 \u00a0 \u00a0 \u00a0 \u00a0 \u00a0 \u00a0 \u00a0 \u00a0 \u00a0 \u00a0 \u00a0 \u00a0 \u00a0 \u00a0\u20ac 1.010,00<\/p>\n<p>Es fallen keine zus\u00e4tzlichen Kosten wie Pr\u00fcfungsgeb\u00fchr o\u00e4. an.<br \/>\nEin umfangreiches Skriptum ist im Preis inbegriffen.<\/p>\n<h2><strong>Datum<\/strong><\/h2>\n<p>Fr, 05. &#8211; So, 07. Juni 2026<br \/>\nFr, 19. &#8211; So, 21. Juni 2026<\/p>\n<h2><strong>Zeiten<\/strong><\/h2>\n<p>freitags: 13 bis 18:30 Uhr<br \/>\nSamstag und Sonntag: 9 bis 18:30 Uhr (Mittagspause von 13 bis 14:00 Uhr)<\/p>\n<h2><strong>Ort<\/strong><\/h2>\n<p>Antaratma Yoga Shala Innsbruck<br \/>\nAndreas-Hofer-Stra\u00dfe 13<br \/>\n6020 Innsbruck<\/p>\n<p style=\"text-align: center;\"><a href=\"https:\/\/www.yoga-moments.at\/yin-yoga-anatomie-ausbildung\/anmeldung\/\"><button>Zur Anmeldung<\/button><\/a><\/p>\n<p>&nbsp;<\/p>\n<p>Wenn noch Fragen offen sind, schreibe mir gerne einfach ein <a href=\"&#109;&#x61;i&#108;&#x74;o&#58;&#x25;2&#48;&#x61;l&#101;&#x78;&#64;&#x79;&#x6f;&#103;&#x61;&#x2d;&#109;&#x6f;m&#101;&#x6e;t&#115;&#x2e;a&#116;\">Mail<\/a>! Ich freue mich auf Dich!<\/p>\n","protected":false},"excerpt":{"rendered":"<p>Yin Yoga &amp; Anatomie Lehrerausbildung (50 Stunden) 05. &#8211; 07. Juni &amp; 19. &#8211; 21. Juni 2026 &nbsp; Don\u2019t use the body to get into a pose; use the pose to get into the body. &nbsp; In dieser Ausbildung tauchst du tief in die Praxis und Theorie des Yin Yoga ein \u2013 mit einem besonderen [&hellip;]<\/p>\n","protected":false},"author":2,"featured_media":4451,"parent":589,"menu_order":0,"comment_status":"closed","ping_status":"closed","template":"templates\/fullwidth.php","meta":{"footnotes":""},"class_list":["post-4449","page","type-page","status-publish","has-post-thumbnail","hentry","page-entry","loop-entry","clr"],"_links":{"self":[{"href":"https:\/\/www.yoga-moments.at\/index.php?rest_route=\/wp\/v2\/pages\/4449","targetHints":{"allow":["GET"]}}],"collection":[{"href":"https:\/\/www.yoga-moments.at\/index.php?rest_route=\/wp\/v2\/pages"}],"about":[{"href":"https:\/\/www.yoga-moments.at\/index.php?rest_route=\/wp\/v2\/types\/page"}],"author":[{"embeddable":true,"href":"https:\/\/www.yoga-moments.at\/index.php?rest_route=\/wp\/v2\/users\/2"}],"replies":[{"embeddable":true,"href":"https:\/\/www.yoga-moments.at\/index.php?rest_route=%2Fwp%2Fv2%2Fcomments&post=4449"}],"version-history":[{"count":9,"href":"https:\/\/www.yoga-moments.at\/index.php?rest_route=\/wp\/v2\/pages\/4449\/revisions"}],"predecessor-version":[{"id":4596,"href":"https:\/\/www.yoga-moments.at\/index.php?rest_route=\/wp\/v2\/pages\/4449\/revisions\/4596"}],"up":[{"embeddable":true,"href":"https:\/\/www.yoga-moments.at\/index.php?rest_route=\/wp\/v2\/pages\/589"}],"wp:featuredmedia":[{"embeddable":true,"href":"https:\/\/www.yoga-moments.at\/index.php?rest_route=\/wp\/v2\/media\/4451"}],"wp:attachment":[{"href":"https:\/\/www.yoga-moments.at\/index.php?rest_route=%2Fwp%2Fv2%2Fmedia&parent=4449"}],"curies":[{"name":"wp","href":"https:\/\/api.w.org\/{rel}","templated":true}]}}

<h1>Yin Yoga &amp; Anatomie<br />
Lehrerausbildung (50 Stunden)</h1>
<h2 style="text-align: right;">05. &#8211; 07. Juni<br />
&amp;<br />
19. &#8211; 21. Juni 2026</h2>
<p>&nbsp;</p>
<p style="text-align: center;"><strong><em>Don’t use the body to get into a pose;<br />
</em><em>use the pose to get into the body.</em></strong></p>
<p>&nbsp;</p>
<p>In dieser Ausbildung tauchst du tief in die Praxis und Theorie des Yin Yoga ein – mit einem besonderen Fokus auf funktioneller Anatomie.<br />
Sie orientiert sich an den Lehren von Paul Grilley und Bernie Clark, deren Ansatz das individuelle Erleben der Positionen statt einer äußeren „perfekten Form“ in den Mittelpunkt stellt.<br />
Dieser Zugang ist bewusst bodenständig und körperorientiert und somit nicht als Gegensatz zu anderen Wegen zu verstehen, sondern vielmehr als wertvolle Ergänzung, die dich sowohl in deiner eigenen Praxis als auch im Unterrichten unterstützt.</p>
<h2><strong>Yin Yoga</strong></h2>
<p><img loading="lazy" decoding="async" class=" wp-image-4461 alignleft" src="https://www.yoga-moments.at/wp-content/uploads/unbenannt-319-200x300.jpg" alt="" width="192" height="288" srcset="https://www.yoga-moments.at/wp-content/uploads/unbenannt-319-200x300.jpg 200w, https://www.yoga-moments.at/wp-content/uploads/unbenannt-319-100x150.jpg 100w, https://www.yoga-moments.at/wp-content/uploads/unbenannt-319-400x600.jpg 400w, https://www.yoga-moments.at/wp-content/uploads/unbenannt-319.jpg 591w" sizes="auto, (max-width: 192px) 100vw, 192px" />Yin Yoga ist eine ruhige, meditative Praxis, bei der Haltungen über mehrere Minuten passiv gehalten werden. Der Fokus liegt nicht auf Muskelkraft, sondern auf dem sanften Dehnen und Ansprechen der tieferliegenden Gewebeschichten wie Faszien, Bändern und Gelenken.<br />
Die Praxis fördert Beweglichkeit und Regeneration, und wirkt darüber hinaus auch auf energetischer Ebene: Durch das längere Verweilen in den Positionen werden die Meridiane (Energiebahnen) gemäß der TCM stimuliert – was sich harmonisierend auf Körper und Geist auswirken kann.<br />
Yin Yoga lädt ein dazu ein langsamer zu werden, zu spüren und loszulassen – trotz der sanften Natur des Yin eine kraftvolle Ergänzung, nicht nur zu aktiveren Yogastilen, sondern auch zu einem oft bewegten Alltag.</p>
<h2><strong>Die Ausbildung</strong></h2>
<p>Im Rahmen dieser Ausbildung erarbeiten wir gemeinsam die Grundlagen des Yin Yoga.<br />
Ein zentraler Schwerpunkt liegt auf der funktionellen Anatomie – insbesondere den individuellen körperlichen Unterschieden. Gemeinsam analysieren wir Positionen praxisnah und entwickeln ein Verständnis dafür, wie Haltungen an die eigenen Bedürfnisse sowie an jene unserer SchülerInnen differenziert angepasst werden können.</p>
<p>Weitere Schwerpunkte sind die Meridiane gemäß der TCM und ihre Einbettung in die Lehre der fünf Elemente –ebenso wie das Unterrichten von Yin Yoga.<br />
Dieser Teil umfasst unter anderem die Erstellung sinnvoller Sequenzen, didaktische Grundlagen sowie das Wissen darum, wie Asanas funktionell und individuell angepasst werden können.</p>
<p>Jeder Ausbildungstag umfasst ein bis zwei Yin-Praxis-Einheiten, <img loading="lazy" decoding="async" class=" wp-image-4463 alignright" src="https://www.yoga-moments.at/wp-content/uploads/IMG_20230508_081440-300x216.jpg" alt="" width="313" height="225" srcset="https://www.yoga-moments.at/wp-content/uploads/IMG_20230508_081440-300x216.jpg 300w, https://www.yoga-moments.at/wp-content/uploads/IMG_20230508_081440-768x552.jpg 768w, https://www.yoga-moments.at/wp-content/uploads/IMG_20230508_081440-150x108.jpg 150w, https://www.yoga-moments.at/wp-content/uploads/IMG_20230508_081440-400x288.jpg 400w, https://www.yoga-moments.at/wp-content/uploads/IMG_20230508_081440.jpg 1024w" sizes="auto, (max-width: 313px) 100vw, 313px" />Vorträge, Asana-Analysen sowie praktische Tests um anatomische Unterschiede sichtbar und verständlich zu machen. Es wird also interaktiv und alltagsnah – mit ausreichend Raum für Austausch, Fragen und Diskussion.</p>
<p>Weiters werden im Rahmen der Ausbildung kleinere schriftliche Reflexionsaufgaben auszuarbeiten sein (Details dazu am ersten Ausbildungstag).<br />
Am letzten Tag erfolgt eine kurze schriftliche Abschlussprüfung, die die wichtigsten Inhalte abfragt.<br />
Bbei vollständiger Teilnahme und aktiver Mitarbeit sollte diese allerdings kein Problem darstellen.<br />
Die Ausbildung ist in sich abgeschlossen.</p>
<p><strong><em>Hinweis:</em></strong><em> Für den Erhalt des Zertifikats ist die lückenlose Teilnahme an allen Kontaktstunden, die termingerechte Abgabe der schriftlichen Arbeiten sowie das Bestehen der Abschlussprüfung Voraussetzung.</em></p>
<p>&nbsp;</p>
<h2><strong>Inhalte im Überblick</strong></h2>
<h2><strong><img loading="lazy" decoding="async" class=" wp-image-2662 alignright" src="https://www.yoga-moments.at/wp-content/uploads/Feedback0-300x300.jpg" alt="" width="324" height="324" srcset="https://www.yoga-moments.at/wp-content/uploads/Feedback0-300x300.jpg 300w, https://www.yoga-moments.at/wp-content/uploads/Feedback0-1024x1024.jpg 1024w, https://www.yoga-moments.at/wp-content/uploads/Feedback0-150x150.jpg 150w, https://www.yoga-moments.at/wp-content/uploads/Feedback0-768x768.jpg 768w, https://www.yoga-moments.at/wp-content/uploads/Feedback0-400x400.jpg 400w, https://www.yoga-moments.at/wp-content/uploads/Feedback0.jpg 1080w" sizes="auto, (max-width: 324px) 100vw, 324px" /></strong></h2>
<ul>
<li>Theorie, Geschichte &amp; Hintergrund von Yin Yoga</li>
<li>Anatomie (strukturell &amp; individuell)</li>
<li>Ästhetisches vs. funktionelles Yoga</li>
<li>Was begrenzt mich in einer Haltung?</li>
<li>Kompression vs. Spannung</li>
<li>Yin- &amp; Yang-Aspekte in der Praxis</li>
<li>Meridiane gemäß TCM (Verlauf, Bedeutung etc.)</li>
<li>Die fünf Wandlungsphasen (Fünf-Elemente-Lehre)</li>
<li>Methodik &amp; Didaktik des Yin Yoga Unterrichtens</li>
<li>Yin Yoga Asanas im Detail</li>
<li>Tägliche Yin Yoga Praxis</li>
<li>Ein Hauch Yoga-Philosophie 😉</li>
<li>u. v. m.</li>
</ul>
<p>Da viele dieser Themen auch in aktiveren Yogastilen von Bedeutung sind, wird immer wieder bewusst der Bogen zu anderen Formen der Praxis gespannt.</p>
<h2><strong>Für wen ist diese Ausbildung geeignet?</strong></h2>
<p>Die Ausbildung richtet sich an alle Yoga-Praktizierenden mit einer regelmäßigen Praxis (mind. 2 Jahre), die ein tieferes Verständnis für Yin Yoga und die Rolle der Anatomie im Yoga entwickeln möchten.<br />
Sie eignet sich sowohl für ausgebildete YogalehrerInnen als auch für passionierte Praktizierende, die tiefer in Theorie und Praxis eintauchen möchten.</p>
<p><strong><em>Hinweis: </em></strong><em>Für alle, die im Anschluss Yin Yoga auch unterrichten möchten, ist eine abgeschlossene 200h-Ausbildung (unabhängig vom Stil) Voraussetzung.</em></p>
<p>&nbsp;</p>
<h2><strong>Kosten (50 Stunden)</strong></h2>
<p><del><strong>Early Bird (für die ersten 6 Anmeldungen)                    </strong> €   950,00</del></p>
<p><strong>danach regulär    </strong>                                                                           € 1.010,00</p>
<p>Es fallen keine zusätzlichen Kosten wie Prüfungsgebühr oä. an.<br />
Ein umfangreiches Skriptum ist im Preis inbegriffen.</p>
<h2><strong>Datum</strong></h2>
<p>Fr, 05. &#8211; So, 07. Juni 2026<br />
Fr, 19. &#8211; So, 21. Juni 2026</p>
<h2><strong>Zeiten</strong></h2>
<p>freitags: 13 bis 18:30 Uhr<br />
Samstag und Sonntag: 9 bis 18:30 Uhr (Mittagspause von 13 bis 14:00 Uhr)</p>
<h2><strong>Ort</strong></h2>
<p>Antaratma Yoga Shala Innsbruck<br />
Andreas-Hofer-Straße 13<br />
6020 Innsbruck</p>
<p style="text-align: center;"><a href="https://www.yoga-moments.at/yin-yoga-anatomie-ausbildung/anmeldung/"><button>Zur Anmeldung</button></a></p>
<p>&nbsp;</p>
<p>Wenn noch Fragen offen sind, schreibe mir gerne einfach ein <a href="&#109;&#x61;i&#108;&#x74;o&#58;&#x25;2&#48;&#x61;l&#101;&#x78;&#64;&#x79;&#x6f;&#103;&#x61;&#x2d;&#109;&#x6f;m&#101;&#x6e;t&#115;&#x2e;a&#116;">Mail</a>! Ich freue mich auf Dich!</p>
