{"id":4609,"date":"2026-05-07T03:47:44","date_gmt":"2026-05-07T03:47:44","guid":{"rendered":"https:\/\/www.yoga-moments.at\/?page_id=4609"},"modified":"2026-06-15T15:57:28","modified_gmt":"2026-06-15T15:57:28","slug":"a-month-of-self-care","status":"publish","type":"page","link":"https:\/\/www.yoga-moments.at\/?page_id=4609","title":{"rendered":"A Month of Self-Care"},"content":{"rendered":"<h1>A Month of Self-Care<\/h1>\n<h2 style=\"text-align: right;\">Juni 2026<br \/>\nonline<\/h2>\n<p>&nbsp;<\/p>\n<p>Dieses 4-w\u00f6chige Online-Special ist eine Einladung, dir bewusst immer wieder Zeit f\u00fcr dich selbst zu nehmen. Zeit, in der du nicht funktionieren musst, sondern einfach sein darfst.<br \/>\nDurch Bewegung, Atmung und Stille schaffst du Raum, um wieder bei dir anzukommen \u2013 Schritt f\u00fcr Schritt, Atemzug f\u00fcr Atemzug.<\/p>\n<h2>Was dich erwartet<\/h2>\n<p data-start=\"486\" data-end=\"738\">\u201eA Month of Self-Care\u201c begleitet dich \u00fcber vier Wochen hinweg mit insgesamt 16 aufgezeichneten Yoga-, Pranayama &amp; Meditation Einheiten. Dabei ist jede Woche thematisch aufgebaut und unterst\u00fctzt dich dabei, unterschiedliche Ebenen deines K\u00f6rpers und deiner inneren Welt zu erforschen.<\/p>\n<p data-start=\"740\" data-end=\"762\">Jede Woche beinhaltet 4 Einheiten:<\/p>\n<ul data-start=\"763\" data-end=\"888\">\n<li data-section-id=\"1dm22yw\" data-start=\"763\" data-end=\"804\">2x Vinyasa \u00e0 ca. 25 Min<\/li>\n<li data-section-id=\"1om1zt0\" data-start=\"805\" data-end=\"840\">1x Yin Yoga \u00e0 ca. 35 Min<\/li>\n<li data-section-id=\"1wobroc\" data-start=\"841\" data-end=\"888\">1x Pranayama &amp; Meditation \u00e0 ca. 20 Min<\/li>\n<\/ul>\n<p><em>(entspricht insgesamt rund 7 Stunden)<\/em><\/p>\n<p data-start=\"890\" data-end=\"1031\">Die Inhalte sind so gestaltet, dass du sie flexibel in deinen Alltag integrieren kannst \u2013 ganz in deinem Tempo, wann immer es f\u00fcr dich passt.<\/p>\n<p data-start=\"1033\" data-end=\"1063\"><strong data-start=\"1033\" data-end=\"1063\">Die 4 Wochen im \u00dcberblick:<\/strong><\/p>\n<ul data-start=\"1064\" data-end=\"1454\">\n<li data-section-id=\"fvyugk\" data-start=\"1064\" data-end=\"1164\"><strong data-start=\"1066\" data-end=\"1096\">Woche 1 \u2013 Ankommen &amp; Erden<\/strong><br data-start=\"1096\" data-end=\"1099\" \/>Sanfte, beruhigende Praxis zum Runterkommen und Stabilisieren<\/li>\n<li data-section-id=\"d9pscy\" data-start=\"1165\" data-end=\"1258\"><strong data-start=\"1167\" data-end=\"1203\">Woche 2 \u2013 Loslassen &amp; Innenschau<\/strong><br data-start=\"1203\" data-end=\"1206\" \/>eher flie\u00dfende Bewegungen, die dich nach innen f\u00fchren<\/li>\n<li data-section-id=\"16liil5\" data-start=\"1259\" data-end=\"1358\"><strong data-start=\"1261\" data-end=\"1300\">Woche 3 \u2013 Energie tanken &amp; Klarheit<\/strong><br data-start=\"1300\" data-end=\"1303\" \/>Dynamischere Praxis zur Aktivierung und der Option dich ein wenig auszuprobieren<\/li>\n<li data-section-id=\"bqsnxc\" data-start=\"1359\" data-end=\"1454\"><strong data-start=\"1361\" data-end=\"1400\">Woche 4 \u2013 Vertrauen &amp; Best\u00e4ndigkeit<\/strong><br data-start=\"1400\" data-end=\"1403\" \/>Tiefe, integrierende Praxis f\u00fcr innere Stabilit\u00e4t<\/li>\n<\/ul>\n<h2>F\u00fcr wen ist das Special geeignet<\/h2>\n<p data-start=\"1501\" data-end=\"1683\">Dieses Special ist f\u00fcr dich, wenn du dir im Alltag ein wenig mehr Raum f\u00fcr dich selber nehmen willst und wieder mehr Verbindung zu deinem K\u00f6rper und deinem inneren Erleben aufbauen m\u00f6chtest.<\/p>\n<p data-start=\"1685\" data-end=\"1891\">Es eignet sich sowohl f\u00fcr erfahrene Yogapraktizierende als auch f\u00fcr Yoga-Neulinge, die sich eine regelm\u00e4\u00dfige, achtsame Praxis w\u00fcnschen \u2013 unabh\u00e4ngig von Flexibilit\u00e4t oder Leistungsniveau.<\/p>\n<p data-start=\"1893\" data-end=\"1986\">Du brauchst keine perfekte Routine \u2013 nur die Bereitschaft, dir selbst diese Zeit zu schenken.<\/p>\n<h2 data-start=\"1893\" data-end=\"1986\">Wann? Wo? Wie?<\/h2>\n<p><strong>DATUM:\u00a0 \u00a0 \u00a0 \u00a0 \u00a0 \u00a0 \u00a0 <\/strong><del>01. &#8211; 30. Juni 2026<\/del> <strong>NEU: 01. Juni &#8211; Anfang September 2026<\/strong><br \/>\n.\u00a0 \u00a0 \u00a0 \u00a0 \u00a0 \u00a0 \u00a0 \u00a0 \u00a0 \u00a0 \u00a0 \u00a0 \u00a0 \u00a0 \u00a0 \u00a0(Da Self-Care ja nicht stressen sollte, wird das Special f\u00fcr insgesamt 3 Monate online sein ;))<\/p>\n<p><strong>ORT:\u00a0\u00a0\u00a0\u00a0\u00a0\u00a0\u00a0\u00a0\u00a0\u00a0\u00a0\u00a0\u00a0\u00a0\u00a0\u00a0\u00a0\u00a0\u00a0 <\/strong>online via YouTube<\/p>\n<p><strong>BEITRAG:\u00a0\u00a0\u00a0\u00a0\u00a0\u00a0\u00a0\u00a0\u00a0 <\/strong>\u20ac 69,00 \/ Person<\/p>\n<p><strong>ANMELDUNG:<\/strong><\/p>\n<p style=\"text-align: center;\"><a href=\"\/a-month-of-self-care-anmeldung\/ \"><button>Zur Anmeldung<\/button><\/a><\/p>\n<p><em>Um Yoga sicher und bequem zu Hause zu praktizieren, empfehle ich auf jeden Fall eine rutschfeste Yoga-Matte. Hilfsmittel wie Bl\u00f6cke, Decke und Gurt k\u00f6nnen dar\u00fcber hinaus ebenfalls hilfreich sein, und ist es sinnvoll diese schon vor der Praxis bereitzulegen. (Alternativ k\u00f6nnen allerdings bspw. auch B\u00fccher oder ein G\u00fcrtel verwendet werden.)<\/em><br \/>\n<em>Es gilt achtsam zu sein, und gut auf den eignen K\u00f6rper zu h\u00f6ren, sowie die eigenen Grenzen bewusst wahrzunehmen und zu akzeptieren. <\/em><br \/>\n<em>Bei Unsicherheiten, ob eine Yoga-Praxis bei ganz individuellen Vorbelastungen oder Beschwerden auch wirklich geeignet ist, kann es ratsam sein vorab \u00e4rtzlichen Rat einzuholen.<\/em><\/p>\n","protected":false},"excerpt":{"rendered":"<p>A Month of Self-Care Juni 2026 online &nbsp; Dieses 4-w\u00f6chige Online-Special ist eine Einladung, dir bewusst immer wieder Zeit f\u00fcr dich selbst zu nehmen. Zeit, in der du nicht funktionieren musst, sondern einfach sein darfst. Durch Bewegung, Atmung und Stille schaffst du Raum, um wieder bei dir anzukommen \u2013 Schritt f\u00fcr Schritt, Atemzug f\u00fcr Atemzug. [&hellip;]<\/p>\n","protected":false},"author":2,"featured_media":4610,"parent":0,"menu_order":0,"comment_status":"closed","ping_status":"closed","template":"templates\/fullwidth.php","meta":{"footnotes":""},"class_list":["post-4609","page","type-page","status-publish","has-post-thumbnail","hentry","page-entry","loop-entry","clr"],"_links":{"self":[{"href":"https:\/\/www.yoga-moments.at\/index.php?rest_route=\/wp\/v2\/pages\/4609","targetHints":{"allow":["GET"]}}],"collection":[{"href":"https:\/\/www.yoga-moments.at\/index.php?rest_route=\/wp\/v2\/pages"}],"about":[{"href":"https:\/\/www.yoga-moments.at\/index.php?rest_route=\/wp\/v2\/types\/page"}],"author":[{"embeddable":true,"href":"https:\/\/www.yoga-moments.at\/index.php?rest_route=\/wp\/v2\/users\/2"}],"replies":[{"embeddable":true,"href":"https:\/\/www.yoga-moments.at\/index.php?rest_route=%2Fwp%2Fv2%2Fcomments&post=4609"}],"version-history":[{"count":11,"href":"https:\/\/www.yoga-moments.at\/index.php?rest_route=\/wp\/v2\/pages\/4609\/revisions"}],"predecessor-version":[{"id":4633,"href":"https:\/\/www.yoga-moments.at\/index.php?rest_route=\/wp\/v2\/pages\/4609\/revisions\/4633"}],"wp:featuredmedia":[{"embeddable":true,"href":"https:\/\/www.yoga-moments.at\/index.php?rest_route=\/wp\/v2\/media\/4610"}],"wp:attachment":[{"href":"https:\/\/www.yoga-moments.at\/index.php?rest_route=%2Fwp%2Fv2%2Fmedia&parent=4609"}],"curies":[{"name":"wp","href":"https:\/\/api.w.org\/{rel}","templated":true}]}}

<h1>A Month of Self-Care</h1>
<h2 style="text-align: right;">Juni 2026<br />
online</h2>
<p>&nbsp;</p>
<p>Dieses 4-wöchige Online-Special ist eine Einladung, dir bewusst immer wieder Zeit für dich selbst zu nehmen. Zeit, in der du nicht funktionieren musst, sondern einfach sein darfst.<br />
Durch Bewegung, Atmung und Stille schaffst du Raum, um wieder bei dir anzukommen – Schritt für Schritt, Atemzug für Atemzug.</p>
<h2>Was dich erwartet</h2>
<p data-start="486" data-end="738">„A Month of Self-Care“ begleitet dich über vier Wochen hinweg mit insgesamt 16 aufgezeichneten Yoga-, Pranayama &amp; Meditation Einheiten. Dabei ist jede Woche thematisch aufgebaut und unterstützt dich dabei, unterschiedliche Ebenen deines Körpers und deiner inneren Welt zu erforschen.</p>
<p data-start="740" data-end="762">Jede Woche beinhaltet 4 Einheiten:</p>
<ul data-start="763" data-end="888">
<li data-section-id="1dm22yw" data-start="763" data-end="804">2x Vinyasa à ca. 25 Min</li>
<li data-section-id="1om1zt0" data-start="805" data-end="840">1x Yin Yoga à ca. 35 Min</li>
<li data-section-id="1wobroc" data-start="841" data-end="888">1x Pranayama &amp; Meditation à ca. 20 Min</li>
</ul>
<p><em>(entspricht insgesamt rund 7 Stunden)</em></p>
<p data-start="890" data-end="1031">Die Inhalte sind so gestaltet, dass du sie flexibel in deinen Alltag integrieren kannst – ganz in deinem Tempo, wann immer es für dich passt.</p>
<p data-start="1033" data-end="1063"><strong data-start="1033" data-end="1063">Die 4 Wochen im Überblick:</strong></p>
<ul data-start="1064" data-end="1454">
<li data-section-id="fvyugk" data-start="1064" data-end="1164"><strong data-start="1066" data-end="1096">Woche 1 – Ankommen &amp; Erden</strong><br data-start="1096" data-end="1099" />Sanfte, beruhigende Praxis zum Runterkommen und Stabilisieren</li>
<li data-section-id="d9pscy" data-start="1165" data-end="1258"><strong data-start="1167" data-end="1203">Woche 2 – Loslassen &amp; Innenschau</strong><br data-start="1203" data-end="1206" />eher fließende Bewegungen, die dich nach innen führen</li>
<li data-section-id="16liil5" data-start="1259" data-end="1358"><strong data-start="1261" data-end="1300">Woche 3 – Energie tanken &amp; Klarheit</strong><br data-start="1300" data-end="1303" />Dynamischere Praxis zur Aktivierung und der Option dich ein wenig auszuprobieren</li>
<li data-section-id="bqsnxc" data-start="1359" data-end="1454"><strong data-start="1361" data-end="1400">Woche 4 – Vertrauen &amp; Beständigkeit</strong><br data-start="1400" data-end="1403" />Tiefe, integrierende Praxis für innere Stabilität</li>
</ul>
<h2>Für wen ist das Special geeignet</h2>
<p data-start="1501" data-end="1683">Dieses Special ist für dich, wenn du dir im Alltag ein wenig mehr Raum für dich selber nehmen willst und wieder mehr Verbindung zu deinem Körper und deinem inneren Erleben aufbauen möchtest.</p>
<p data-start="1685" data-end="1891">Es eignet sich sowohl für erfahrene Yogapraktizierende als auch für Yoga-Neulinge, die sich eine regelmäßige, achtsame Praxis wünschen – unabhängig von Flexibilität oder Leistungsniveau.</p>
<p data-start="1893" data-end="1986">Du brauchst keine perfekte Routine – nur die Bereitschaft, dir selbst diese Zeit zu schenken.</p>
<h2 data-start="1893" data-end="1986">Wann? Wo? Wie?</h2>
<p><strong>DATUM:              </strong><del>01. &#8211; 30. Juni 2026</del> <strong>NEU: 01. Juni &#8211; Anfang September 2026</strong><br />
.                               (Da Self-Care ja nicht stressen sollte, wird das Special für insgesamt 3 Monate online sein ;))</p>
<p><strong>ORT:                    </strong>online via YouTube</p>
<p><strong>BEITRAG:          </strong>€ 69,00 / Person</p>
<p><strong>ANMELDUNG:</strong></p>
<p style="text-align: center;"><a href="/a-month-of-self-care-anmeldung/ "><button>Zur Anmeldung</button></a></p>
<p><em>Um Yoga sicher und bequem zu Hause zu praktizieren, empfehle ich auf jeden Fall eine rutschfeste Yoga-Matte. Hilfsmittel wie Blöcke, Decke und Gurt können darüber hinaus ebenfalls hilfreich sein, und ist es sinnvoll diese schon vor der Praxis bereitzulegen. (Alternativ können allerdings bspw. auch Bücher oder ein Gürtel verwendet werden.)</em><br />
<em>Es gilt achtsam zu sein, und gut auf den eignen Körper zu hören, sowie die eigenen Grenzen bewusst wahrzunehmen und zu akzeptieren. </em><br />
<em>Bei Unsicherheiten, ob eine Yoga-Praxis bei ganz individuellen Vorbelastungen oder Beschwerden auch wirklich geeignet ist, kann es ratsam sein vorab ärtzlichen Rat einzuholen.</em></p>

<p>A Month of Self-Care Juni 2026 online &nbsp; Dieses 4-wöchige Online-Special ist eine Einladung, dir bewusst immer wieder Zeit für dich selbst zu nehmen. Zeit, in der du nicht funktionieren musst, sondern einfach sein darfst. Durch Bewegung, Atmung und Stille schaffst du Raum, um wieder bei dir anzukommen – Schritt für Schritt, Atemzug für Atemzug. [&hellip;]</p>
