{"id":4634,"date":"2026-06-15T16:12:11","date_gmt":"2026-06-15T16:12:11","guid":{"rendered":"https:\/\/www.yoga-moments.at\/?page_id=4634"},"modified":"2026-06-15T16:12:11","modified_gmt":"2026-06-15T16:12:11","slug":"usi-juli-2026","status":"publish","type":"page","link":"https:\/\/www.yoga-moments.at\/?page_id=4634","title":{"rendered":"USI Juli 2026"},"content":{"rendered":"<h1>Yoga am USI<\/h1>\n<h2 style=\"text-align: right;\">Juli 2026<\/h2>\n<p>Diesen Sommer bin ich auch am USI wieder mal vertreten und ich freue mich schon darauf, gemeinsam mit euch durch den Juli zu praktizieren.<\/p>\n<p>Die Einheiten bieten eine ausgewogene Mischung aus kraftvollen Flows, bewusster Bewegung und wohltuender Entspannung. Egal ob du regelm\u00e4\u00dfig Yoga \u00fcbst oder einfach neugierig bist \u2013 alle sind willkommen.<\/p>\n<p>Nutze die Sommerwochen, um dir Zeit f\u00fcr dich selbst zu nehmen, neue Energie zu tanken und mit mehr Leichtigkeit durch den Alltag zu gehen.<br \/>\nIch freue mich auf viele bekannte und neue Gesichter auf der Matte.<\/p>\n<p>&nbsp;<\/p>\n<h2>Wann? Wo? Wie?<\/h2>\n<p>Du kannst zwischen drei verschiedenen Einheiten w\u00e4hlen ;)<\/p>\n<h3>DATUM:<\/h3>\n<p><strong>Ab Montag 29.06.<\/strong>, w\u00f6chentlich (4-mal)<\/p>\n<ul>\n<li>18 &#8211; 19 Uhr<\/li>\n<li>19:15 &#8211; 20:15 Uhr<\/li>\n<\/ul>\n<p><strong>Ab Donnerstag 02.07.<\/strong>, w\u00f6chentlich (4-mal)<\/p>\n<ul>\n<li>07:30 &#8211; 08:30 Uhr<\/li>\n<\/ul>\n<h3>ORT:<\/h3>\n<p>\u00c1gnes-Heller-Haus (Innrain 52a, 2. Stock)<br \/>\nBewegungsraum 2E010<\/p>\n<h3>ANMELDUNG:<\/h3>\n<p>Du kannst dich <a href=\"https:\/\/usi.uibk.ac.at\/usi\/page?id=357&amp;cmd=search&amp;sem=2026S&amp;kursbez=&amp;kursnr=&amp;wt=&amp;von=&amp;bis=&amp;kursort=&amp;kursleiter=W%FChrer-barrett&amp;sort=2#xresults\">hier<\/a> direkt \u00fcbers USI anmelden!<\/p>\n<p>&nbsp;<\/p>\n<p>Bring bitte deine eigene Matte mit :)<br \/>\nIch freu mich auf dich!<\/p>\n","protected":false},"excerpt":{"rendered":"<p>Yoga am USI Juli 2026 Diesen Sommer bin ich auch am USI wieder mal vertreten und ich freue mich schon darauf, gemeinsam mit euch durch den Juli zu praktizieren. Die Einheiten bieten eine ausgewogene Mischung aus kraftvollen Flows, bewusster Bewegung und wohltuender Entspannung. Egal ob du regelm\u00e4\u00dfig Yoga \u00fcbst oder einfach neugierig bist \u2013 alle [&hellip;]<\/p>\n","protected":false},"author":2,"featured_media":4635,"parent":0,"menu_order":0,"comment_status":"closed","ping_status":"closed","template":"templates\/fullwidth.php","meta":{"footnotes":""},"class_list":["post-4634","page","type-page","status-publish","has-post-thumbnail","hentry","page-entry","loop-entry","clr"],"_links":{"self":[{"href":"https:\/\/www.yoga-moments.at\/index.php?rest_route=\/wp\/v2\/pages\/4634","targetHints":{"allow":["GET"]}}],"collection":[{"href":"https:\/\/www.yoga-moments.at\/index.php?rest_route=\/wp\/v2\/pages"}],"about":[{"href":"https:\/\/www.yoga-moments.at\/index.php?rest_route=\/wp\/v2\/types\/page"}],"author":[{"embeddable":true,"href":"https:\/\/www.yoga-moments.at\/index.php?rest_route=\/wp\/v2\/users\/2"}],"replies":[{"embeddable":true,"href":"https:\/\/www.yoga-moments.at\/index.php?rest_route=%2Fwp%2Fv2%2Fcomments&post=4634"}],"version-history":[{"count":2,"href":"https:\/\/www.yoga-moments.at\/index.php?rest_route=\/wp\/v2\/pages\/4634\/revisions"}],"predecessor-version":[{"id":4637,"href":"https:\/\/www.yoga-moments.at\/index.php?rest_route=\/wp\/v2\/pages\/4634\/revisions\/4637"}],"wp:featuredmedia":[{"embeddable":true,"href":"https:\/\/www.yoga-moments.at\/index.php?rest_route=\/wp\/v2\/media\/4635"}],"wp:attachment":[{"href":"https:\/\/www.yoga-moments.at\/index.php?rest_route=%2Fwp%2Fv2%2Fmedia&parent=4634"}],"curies":[{"name":"wp","href":"https:\/\/api.w.org\/{rel}","templated":true}]}}

<h1>Yoga am USI</h1>
<h2 style="text-align: right;">Juli 2026</h2>
<p>Diesen Sommer bin ich auch am USI wieder mal vertreten und ich freue mich schon darauf, gemeinsam mit euch durch den Juli zu praktizieren.</p>
<p>Die Einheiten bieten eine ausgewogene Mischung aus kraftvollen Flows, bewusster Bewegung und wohltuender Entspannung. Egal ob du regelmäßig Yoga übst oder einfach neugierig bist – alle sind willkommen.</p>
<p>Nutze die Sommerwochen, um dir Zeit für dich selbst zu nehmen, neue Energie zu tanken und mit mehr Leichtigkeit durch den Alltag zu gehen.<br />
Ich freue mich auf viele bekannte und neue Gesichter auf der Matte.</p>
<p>&nbsp;</p>
<h2>Wann? Wo? Wie?</h2>
<p>Du kannst zwischen drei verschiedenen Einheiten wählen ;)</p>
<h3>DATUM:</h3>
<p><strong>Ab Montag 29.06.</strong>, wöchentlich (4-mal)</p>
<ul>
<li>18 &#8211; 19 Uhr</li>
<li>19:15 &#8211; 20:15 Uhr</li>
</ul>
<p><strong>Ab Donnerstag 02.07.</strong>, wöchentlich (4-mal)</p>
<ul>
<li>07:30 &#8211; 08:30 Uhr</li>
</ul>
<h3>ORT:</h3>
<p>Ágnes-Heller-Haus (Innrain 52a, 2. Stock)<br />
Bewegungsraum 2E010</p>
<h3>ANMELDUNG:</h3>
<p>Du kannst dich <a href="https://usi.uibk.ac.at/usi/page?id=357&amp;cmd=search&amp;sem=2026S&amp;kursbez=&amp;kursnr=&amp;wt=&amp;von=&amp;bis=&amp;kursort=&amp;kursleiter=W%FChrer-barrett&amp;sort=2#xresults">hier</a> direkt übers USI anmelden!</p>
<p>&nbsp;</p>
<p>Bring bitte deine eigene Matte mit :)<br />
Ich freu mich auf dich!</p>

<p>Yoga am USI Juli 2026 Diesen Sommer bin ich auch am USI wieder mal vertreten und ich freue mich schon darauf, gemeinsam mit euch durch den Juli zu praktizieren. Die Einheiten bieten eine ausgewogene Mischung aus kraftvollen Flows, bewusster Bewegung und wohltuender Entspannung. Egal ob du regelmäßig Yoga übst oder einfach neugierig bist – alle [&hellip;]</p>
